{"id":68,"date":"2019-08-05T18:22:45","date_gmt":"2019-08-05T18:22:45","guid":{"rendered":"http:\/\/www.forestalesjimena.es\/?page_id=68"},"modified":"2019-08-06T10:25:43","modified_gmt":"2019-08-06T10:25:43","slug":"fp-grado-medio","status":"publish","type":"page","link":"https:\/\/fpjimena.es\/?page_id=68","title":{"rendered":"FP Grado Medio Aprovechamiento y Conservaci\u00f3n del Medio Natural"},"content":{"rendered":"\n<p> Los m\u00f3dulos que se imparten en este ciclo formativo son:<\/p>\n\n\n\n<p>Primer curso:<\/p>\n\n\n\n<ul><li> Repoblaciones Forestales y Tratamientos Selv\u00edcolas. (RFTS) <\/li><li> Formaci\u00f3n y Orientaci\u00f3n Laboral.  (FOL) <\/li><li> Principios de Sanidad Vegetal. (PSV) <\/li><li> Fundamentos Agron\u00f3micos. (FA) <\/li><li> Producci\u00f3n de Planta Forestal en Vivero. (PPFV)  <\/li><li> Maquinaria e Instalaciones Forestales. (MIF) <\/li><\/ul>\n\n\n\n<p>Segundo Curso:<\/p>\n\n\n\n<ul><li>\n\tConservaci\u00f3n\n\tde las Especies Cineg\u00e9ticas y Pisc\u00edcolas. (CECP)\n\t<\/li><li>\n\tAprovechamientos\n\tdel Medio Natural. (AMN)\n\t<\/li><li>\n\tPrevenci\u00f3n\n\tde Incendios Forestales. (PIF)\n\t<\/li><li>\n\tControl\n\tFitosanitario. (CF)\n\t<\/li><li>\n\tUso\n\tP\u00fablico en Espacios Naturales. (UPEN) \n\t\n\t<\/li><li>\n\tEmpresa\n\te Iniciativa Emprendedora. (EINEM)\n\t<\/li><li>\n\tFormaci\u00f3n\n\ten Centros de Trabajo.  (FCT)\n<\/li><\/ul>\n","protected":false},"excerpt":{"rendered":"<p>Los m\u00f3dulos que se imparten en este ciclo formativo son: Primer curso: Repoblaciones Forestales y Tratamientos Selv\u00edcolas. (RFTS) Formaci\u00f3n y Orientaci\u00f3n Laboral. (FOL) Principios de Sanidad Vegetal. (PSV) Fundamentos Agron\u00f3micos. (FA) Producci\u00f3n de Planta Forestal en Vivero. (PPFV) Maquinaria e &hellip; <a href=\"https:\/\/fpjimena.es\/?page_id=68\">Continuar<\/a><\/p>\n","protected":false},"author":1,"featured_media":30,"parent":0,"menu_order":0,"comment_status":"closed","ping_status":"closed","template":"","meta":{"kt_blocks_editor_width":""},"_links":{"self":[{"href":"https:\/\/fpjimena.es\/index.php?rest_route=\/wp\/v2\/pages\/68"}],"collection":[{"href":"https:\/\/fpjimena.es\/index.php?rest_route=\/wp\/v2\/pages"}],"about":[{"href":"https:\/\/fpjimena.es\/index.php?rest_route=\/wp\/v2\/types\/page"}],"author":[{"embeddable":true,"href":"https:\/\/fpjimena.es\/index.php?rest_route=\/wp\/v2\/users\/1"}],"replies":[{"embeddable":true,"href":"https:\/\/fpjimena.es\/index.php?rest_route=%2Fwp%2Fv2%2Fcomments&post=68"}],"version-history":[{"count":4,"href":"https:\/\/fpjimena.es\/index.php?rest_route=\/wp\/v2\/pages\/68\/revisions"}],"predecessor-version":[{"id":100,"href":"https:\/\/fpjimena.es\/index.php?rest_route=\/wp\/v2\/pages\/68\/revisions\/100"}],"wp:featuredmedia":[{"embeddable":true,"href":"https:\/\/fpjimena.es\/index.php?rest_route=\/wp\/v2\/media\/30"}],"wp:attachment":[{"href":"https:\/\/fpjimena.es\/index.php?rest_route=%2Fwp%2Fv2%2Fmedia&parent=68"}],"curies":[{"name":"wp","href":"https:\/\/api.w.org\/{rel}","templated":true}]}}

FP Grado Medio Aprovechamiento y Conservación del Medio Natural

<p> Los módulos que se imparten en este ciclo formativo son:</p>



<p>Primer curso:</p>



<ul><li> Repoblaciones Forestales y Tratamientos Selvícolas. (RFTS) </li><li> Formación y Orientación Laboral.  (FOL) </li><li> Principios de Sanidad Vegetal. (PSV) </li><li> Fundamentos Agronómicos. (FA) </li><li> Producción de Planta Forestal en Vivero. (PPFV)  </li><li> Maquinaria e Instalaciones Forestales. (MIF) </li></ul>



<p>Segundo Curso:</p>



<ul><li>
	Conservación
	de las Especies Cinegéticas y Piscícolas. (CECP)
	</li><li>
	Aprovechamientos
	del Medio Natural. (AMN)
	</li><li>
	Prevención
	de Incendios Forestales. (PIF)
	</li><li>
	Control
	Fitosanitario. (CF)
	</li><li>
	Uso
	Público en Espacios Naturales. (UPEN) 
	
	</li><li>
	Empresa
	e Iniciativa Emprendedora. (EINEM)
	</li><li>
	Formación
	en Centros de Trabajo.  (FCT)
</li></ul>

<p>Los módulos que se imparten en este ciclo formativo son: Primer curso: Repoblaciones Forestales y Tratamientos Selvícolas. (RFTS) Formación y Orientación Laboral. (FOL) Principios de Sanidad Vegetal. (PSV) Fundamentos Agronómicos. (FA) Producción de Planta Forestal en Vivero. (PPFV) Maquinaria e &hellip; <a href="https://fpjimena.es/?page_id=68">Continuar</a></p>
