{"id":49,"date":"2019-08-05T17:32:27","date_gmt":"2019-08-05T17:32:27","guid":{"rendered":"http:\/\/www.forestalesjimena.es\/?page_id=49"},"modified":"2019-08-07T15:53:36","modified_gmt":"2019-08-07T15:53:36","slug":"inicio","status":"publish","type":"page","link":"https:\/\/fpjimena.es\/","title":{"rendered":"Inicio"},"content":{"rendered":"\n<table class=\"wp-block-table\"><tbody><tr><td>Bienvenidos a la web del Departamento Forestal del IES Hozgarganta, de Jimena de la Frontera (C\u00e1diz-Espa\u00f1a). <br><br>En este centro se ofrecen ense\u00f1anzas de Formaci\u00f3n Profesional forestal desde 1997, incluyendo los ciclos de grado medio de Aprovechamiento y Conservaci\u00f3n del Medio Natural, y el de grado superior de Gesti\u00f3n Forestal y del Medio Natural. Tambi\u00e9n se ofrece el ciclo de FP B\u00e1sica de Agrojardiner\u00eda y Composiciones Florales. <br><br>El IES Hozgarganta es el \u00fanico centro de secundaria, bachillerato y FP situado en el municipio de Jimena de la Frontera. Cuenta con unos 500 alumnos y 50 profesores, de los que unos 100 alumnos y 8 profesores pertenecen a la oferta formativa del Departamento Forestal.<br><br>El centro cuenta con dos edificios, encontr\u00e1ndose la Formaci\u00f3n Profesional en el edificio Al-\u00c1ndalus, donde se imparten el ciclo de grado medio de Aprovechamiento y Conservaci\u00f3n del Medio Natural, el de grado superior de Gesti\u00f3n Forestal y del Medio Natural, el de grado medio de Gesti\u00f3n Administrativa, y el ciclo de FP B\u00e1sica de Agrojardiner\u00eda y Composiciones Florales.<br><br>En lo que respecta al departamento forestal, adem\u00e1s del edificio, entre sus espacios formativos se encuentra un taller agrario, un vivero, zonas ajardinadas, y miles de ha   de montes conveniados, incluyendo la Finca estatal La Almoraima.<br><br>El Departamento de Agraria del IES Hozgarganta, oferta las siguientes ense\u00f1anzas. <br><br>1. <a href=\"https:\/\/fpjimena.es\/?page_id=51\">Formaci\u00f3n Profesional B\u00e1sica de Agrojardiner\u00eda y Composiciones Florales<\/a>.  <br>2. <a href=\"https:\/\/fpjimena.es\/?page_id=68\">Ciclo formativo de Grado Medio de Aprovechamiento y Conservaci\u00f3n Medio Natural<\/a>.<br>3. <a href=\"https:\/\/fpjimena.es\/?page_id=55\">Ciclo formativo de Grado Superior de Gesti\u00f3n Forestal y del Medio Natural<\/a>.<br><br>Si quieres ver las salidas profesionales de estos m\u00f3dulos puedes ver el siguiente<br>enlace  <a href=\"http:\/\/todofp.es\/inicio.html\">http:\/\/todofp.es\/inicio.html<\/a> <br><br>y si tienes dudas o quieres m\u00e1s informaci\u00f3n llamar a los n\u00fameros 671566488 \/<br>697953994 o escribir un correo a  <a href=\"mailto:departamentoforestal@hotmail.com\">departamentoforestal@hotmail.com<\/a> <br><br>Localizaci\u00f3n del centro:<\/td><\/tr><\/tbody><\/table>\n\n\n\n<iframe loading=\"lazy\" width=\"425\" height=\"350\" frameborder=\"0\" scrolling=\"no\" marginheight=\"0\" marginwidth=\"0\" src=\"https:\/\/www.openstreetmap.org\/export\/embed.html?bbox=-5.45473337173462%2C36.42772254981386%2C-5.438296794891357%2C36.43756296702022&amp;layer=mapnik&amp;marker=36.43264291435618%2C-5.446515083312988\" style=\"border: 1px solid black\"><\/iframe><br><small><a href=\"https:\/\/www.openstreetmap.org\/?mlat=36.4326&amp;mlon=-5.4465#map=16\/36.4326\/-5.4465\">Ver mapa m\u00e1s grande<\/a><\/small>\n\n\n\n<p><\/p>\n","protected":false},"excerpt":{"rendered":"<p>Bienvenidos a la web del Departamento Forestal del IES Hozgarganta, de Jimena de la Frontera (C\u00e1diz-Espa\u00f1a). En este centro se ofrecen ense\u00f1anzas de Formaci\u00f3n Profesional forestal desde 1997, incluyendo los ciclos de grado medio de Aprovechamiento y Conservaci\u00f3n del Medio &hellip; <a href=\"https:\/\/fpjimena.es\/\">Continuar<\/a><\/p>\n","protected":false},"author":1,"featured_media":0,"parent":0,"menu_order":0,"comment_status":"closed","ping_status":"closed","template":"","meta":{"kt_blocks_editor_width":""},"_links":{"self":[{"href":"https:\/\/fpjimena.es\/index.php?rest_route=\/wp\/v2\/pages\/49"}],"collection":[{"href":"https:\/\/fpjimena.es\/index.php?rest_route=\/wp\/v2\/pages"}],"about":[{"href":"https:\/\/fpjimena.es\/index.php?rest_route=\/wp\/v2\/types\/page"}],"author":[{"embeddable":true,"href":"https:\/\/fpjimena.es\/index.php?rest_route=\/wp\/v2\/users\/1"}],"replies":[{"embeddable":true,"href":"https:\/\/fpjimena.es\/index.php?rest_route=%2Fwp%2Fv2%2Fcomments&post=49"}],"version-history":[{"count":11,"href":"https:\/\/fpjimena.es\/index.php?rest_route=\/wp\/v2\/pages\/49\/revisions"}],"predecessor-version":[{"id":118,"href":"https:\/\/fpjimena.es\/index.php?rest_route=\/wp\/v2\/pages\/49\/revisions\/118"}],"wp:attachment":[{"href":"https:\/\/fpjimena.es\/index.php?rest_route=%2Fwp%2Fv2%2Fmedia&parent=49"}],"curies":[{"name":"wp","href":"https:\/\/api.w.org\/{rel}","templated":true}]}}

<table class="wp-block-table"><tbody><tr><td>Bienvenidos a la web del Departamento Forestal del IES Hozgarganta, de Jimena de la Frontera (Cádiz-España). <br><br>En este centro se ofrecen enseñanzas de Formación Profesional forestal desde 1997, incluyendo los ciclos de grado medio de Aprovechamiento y Conservación del Medio Natural, y el de grado superior de Gestión Forestal y del Medio Natural. También se ofrece el ciclo de FP Básica de Agrojardinería y Composiciones Florales. <br><br>El IES Hozgarganta es el único centro de secundaria, bachillerato y FP situado en el municipio de Jimena de la Frontera. Cuenta con unos 500 alumnos y 50 profesores, de los que unos 100 alumnos y 8 profesores pertenecen a la oferta formativa del Departamento Forestal.<br><br>El centro cuenta con dos edificios, encontrándose la Formación Profesional en el edificio Al-Ándalus, donde se imparten el ciclo de grado medio de Aprovechamiento y Conservación del Medio Natural, el de grado superior de Gestión Forestal y del Medio Natural, el de grado medio de Gestión Administrativa, y el ciclo de FP Básica de Agrojardinería y Composiciones Florales.<br><br>En lo que respecta al departamento forestal, además del edificio, entre sus espacios formativos se encuentra un taller agrario, un vivero, zonas ajardinadas, y miles de ha   de montes conveniados, incluyendo la Finca estatal La Almoraima.<br><br>El Departamento de Agraria del IES Hozgarganta, oferta las siguientes enseñanzas. <br><br>1. <a href="https://fpjimena.es/?page_id=51">Formación Profesional Básica de Agrojardinería y Composiciones Florales</a>.  <br>2. <a href="https://fpjimena.es/?page_id=68">Ciclo formativo de Grado Medio de Aprovechamiento y Conservación Medio Natural</a>.<br>3. <a href="https://fpjimena.es/?page_id=55">Ciclo formativo de Grado Superior de Gestión Forestal y del Medio Natural</a>.<br><br>Si quieres ver las salidas profesionales de estos módulos puedes ver el siguiente<br>enlace  <a href="http://todofp.es/inicio.html">http://todofp.es/inicio.html</a> <br><br>y si tienes dudas o quieres más información llamar a los números 671566488 /<br>697953994 o escribir un correo a  <a href="mailto:departamentoforestal@hotmail.com">departamentoforestal@hotmail.com</a> <br><br>Localización del centro:</td></tr></tbody></table>



<iframe loading="lazy" width="425" height="350" frameborder="0" scrolling="no" marginheight="0" marginwidth="0" src="https://www.openstreetmap.org/export/embed.html?bbox=-5.45473337173462%2C36.42772254981386%2C-5.438296794891357%2C36.43756296702022&amp;layer=mapnik&amp;marker=36.43264291435618%2C-5.446515083312988" style="border: 1px solid black"></iframe><br><small><a href="https://www.openstreetmap.org/?mlat=36.4326&amp;mlon=-5.4465#map=16/36.4326/-5.4465">Ver mapa más grande</a></small>



<p></p>

<p>Bienvenidos a la web del Departamento Forestal del IES Hozgarganta, de Jimena de la Frontera (Cádiz-España). En este centro se ofrecen enseñanzas de Formación Profesional forestal desde 1997, incluyendo los ciclos de grado medio de Aprovechamiento y Conservación del Medio &hellip; <a href="https://fpjimena.es/">Continuar</a></p>
